05?
False
Does 518 divide 3334581?
False
Is 12 a factor of 8130113?
False
Is 22 a factor of 2538492?
True
Is 119022 a multiple of 6?
True
Is 1343068 a multiple of 17?
True
Is 52684 a multiple of 357?
False
Is 166 a factor of 49458?
False
Is 91 a factor of 178901?
False
Is 4 a factor of 4908?
True
Is 4 a factor of 325952?
True
Is 5427387 a multiple of 93?
True
Is 48 a factor of 6242850?
False
Does 10 divide 8034724?
False
Is 18 a factor of 2493792?
True
Does 47 divide 28153?
True
Is 60 a factor of 1402140?
True
Does 14 divide 75043?
False
Does 23 divide 1047167?
True
Is 8 a factor of 13904?
True
Is 1524130 a multiple of 346?
True
Is 788418 a multiple of 18?
True
Is 886820 a multiple of 29?
True
Is 14 a factor of 209720?
True
Is 10 a factor of 2066283?
False
Does 428 divide 95016?
True
Is 112815 a multiple of 159?
False
Does 1241 divide 17186748?
False
Is 129 a factor of 13416?
True
Is 64 a factor of 1033258?
False
Is 26508 a multiple of 9?
False
Does 72 divide 3159068?
False
Is 665327 a multiple of 793?
True
Is 3180710 a multiple of 430?
True
Is 3025408 a multiple of 16?
True
Does 19 divide 76132?
False
Is 1011200 a multiple of 20?
True
Does 1135 divide 13760740?
True
Is 166 a factor of 872662?
True
Is 37709 a multiple of 162?
False
Does 79 divide 1060180?
True
Is 39 a factor of 957099?
True
Is 42 a factor of 7874370?
True
Is 117279 a multiple of 43?
False
Is 7163567 a multiple of 537?
False
Is 20 a factor of 511951?
False
Is 2773484 a multiple of 14?
True
Is 31 a factor of 123903?
False
Does 26 divide 134550?
True
Does 193 divide 47478?
True
Is 194441 a multiple of 131?
False
Is 352815 a multiple of 43?
True
Is 11760 a multiple of 5?
True
Is 989830 a multiple of 10?
True
Is 1403479 a multiple of 121?
True
Is 63571 a multiple of 11?
False
Is 398 a factor of 3256038?
True
Does 69 divide 822438?
False
Does 198 divide 10720445?
False
Is 29355 a multiple of 73?
False
Is 187 a factor of 10231351?
False
Does 103 divide 884481?
False
Does 6 divide 86437?
False
Does 9 divide 66693?
False
Does 25 divide 115125?
True
Is 2935866 a multiple of 54?
False
Does 117 divide 696384?
True
Is 2517160 a multiple of 10?
True
Is 2865473 a multiple of 13?
True
Does 18 divide 12394604?
False
Does 11 divide 37840?
True
Does 295 divide 210033?
False
Is 2918352 a multiple of 67?
False
Is 2 a factor of 662496?
True
Does 10 divide 208300?
True
Is 31 a factor of 1363976?
False
Is 366420 a multiple of 121?
False
Is 53 a factor of 26818?
True
Is 4557751 a multiple of 22?
False
Does 4 divide 1708195?
False
Is 471950 a multiple of 25?
True
Does 46 divide 271754?
False
Is 960465 a multiple of 55?
True
Is 106725 a multiple of 25?
True
Is 35192 a multiple of 11?
False
Is 15 a factor of 376330?
False
Does 4 divide 968084?
True
Does 31 divide 2430207?
False
Does 14 divide 761833?
False
Is 409 a factor of 370554?
True
Does 61 divide 6157?
False
Is 55 a factor of 1124640?
True
Does 317 divide 114036?
False
Does 132 divide 3239940?
True
Is 217 a factor of 2029601?
True
Is 7492350 a multiple of 1506?
True
Is 307 a factor of 338302?
False
Is 390450 a multiple of 15?
True
Does 48 divide 1528368?
True
Is 4 a factor of 1664?
True
Is 107 a factor of 41396?
False
Is 4103176 a multiple of 22?
True
Is 67153 a multiple of 15?
False
Does 38 divide 455253?
False
Does 2046 divide 3654926?
False
Does 44 divide 2553584?
True
Is 83313 a multiple of 8?
False
Does 134 divide 89646?
True
Is 5888281 a multiple of 43?
False
Is 25 a factor of 1190000?
True
Is 54 a factor of 730566?
True
Does 43 divide 5312097?
False
Is 18 a factor of 232326?
True
Does 315 divide 2302295?
False
Is 9 a factor of 35595?
True
Is 1736900 a multiple of 10?
True
Is 9 a factor of 56745?
True
Is 50908 a multiple of 22?
True
Is 15 a factor of 63053?
False
Is 3895520 a multiple of 160?
True
Is 17 a factor of 10370?
True
Does 677 divide 5649565?
True
Is 79140 a multiple of 30?
True
Is 214288 a multiple of 80?
False
Is 3450831 a multiple of 327?
True
Is 15 a factor of 400274?
False
Is 142 a factor of 766667?
False
Is 45 a factor of 304013?
False
Does 951 divide 1333302?
True
Does 73 divide 2364689?
True
Is 97 a factor of 340379?
False
Is 29 a factor of 2093780?
False
Does 9 divide 188?
False
Is 6617730 a multiple of 210?
True
Does 82 divide 43241?
False
Is 1285 a factor of 4514205?
True
Is 52 a factor of 143416?
True
Does 534 divide 4608340?
False
Does 9 divide 4466897?
False
Is 25940 a multiple of 45?
False
Is 1551454 a multiple of 7?
False
Is 580 a multiple of 10?
True
Does 9 divide 2340?
True
Is 87 a factor of 18693?
False
Is 115632 a multiple of 18?
True
Does 6 divide 340219?
False
Is 208794 a multiple of 51?
True
Is 477 a factor of 407402?
False
Is 294768 a multiple of 368?
True
Is 43 a factor of 293862?
True
Does 173 divide 365376?
True
Does 10 divide 202780?
True
Is 124 a factor of 2166280?
True
Is 34 a factor of 2434277?
False
Is 396552 a multiple of 39?
True
Does 4 divide 39133?
False
Is 2854800 a multiple of 793?
True
Is 721952 a multiple of 112?
True
Does 99 divide 5316894?
True
Is 431783 a multiple of 17?
True
Does 52 divide 230360?
True
Is 11 a factor of 15988445?
True
Is 141417 a multiple of 9?
True
Is 9 a factor of 3891915?
True
Does 5 divide 6284502?
False
Is 1383840 a multiple of 93?
True
Does 482 divide 3391718?
False
Does 4 divide 867648?
True
Is 448 a factor of 20577240?
False
Is 2486475 a multiple of 15?
True
Does 7 divide 238546?
True
Does 15 divide 61265?
False
Does 96 divide 3804183?
False
Is 139161 a multiple of 11?
True
Does 17 divide 12921579?
False
Is 40 a factor of 1084751?
False
Is 501 a factor of 2228079?
False
Is 17774887 a multiple of 13?
True
Is 18 a factor of 781686?
True
Is 203 a factor of 51156?
True
Does 39 divide 13143?
True
Is 115 a factor of 556583?
False
Does 354 divide 2741022?
True
Does 497 divide 2445973?
False
Does 11 divide 355633?
False
Does 156 divide 1907847?
False
Does 63 divide 78750?
True
Is 354 a factor of 951222?
False
Does 74 divide 196544?
True
Does 683 divide 75058?
False
Is 10 a factor of 274965?
False
Is 691224 a multiple of 12?
True
Is 1965360 a multiple of 114?
True
Is 157 a factor of 260330?
False
Is 8 a factor of 4340088?
True
Is 622323 a multiple of 27?
True
Is 334582 a multiple of 173?
True
Is 219 a factor of 174097?
False
Does 17 divide 123760?
True
Does 269 divide 10266279?
False
Is 23 a factor of 113551?
True
Does 9 divide 156674?
False
Is 633 a factor of 363342?
True
Does 12 divide 722052?
True
Is 3312498 a multiple of 5?
False
Does 75 divide 561300?
True
Is 236996 a multiple of 358?
True
Is 901165 a multiple of 562?
False
Does 534 divide 16863186?
True
Is 19900 a multiple of 25?
True
Is 2587728 a multiple of 507?
True
Is 33 a factor of 171665?
False
Is 2245369 a multiple of 613?
False
Is 655 a factor of 14339067?
False
Is 335895 even?
False
Is 65 a factor of 94184?
False
Does 65 divide 1304940?
True
Is 145568 a multiple of 16?
True
Does 3 divide 997448?
False
Is 897396 a multiple of 17?
True
Does 96 divide 15292512?
True
Does 23 divide 605889?
True
Is 16680510 a multiple of 29?
True
Is 49770 a multiple of 3?
True
Is 26 a factor of 57460?
True
Does 27 divide 224721?
True
Does 22 divide 2116510?
True
Is 566482 a multiple of 43?
True
Does 130 divide 4191590?
True
Is 527 a factor of 109889?
False
Is 42074 a multiple of 218?
True
Is 142956 a multiple of 11?
True
Is 8343580 a multiple of 10?
True
Is 43 a factor of 7350212?
False
Is 107820 a multiple of 18?
True
Does 52 divide 1760930?
False
Is 1164060 a multiple of 58?
True
Does 231 divide 201581?
False
Does 9 divide 621775?
False
Does 306 divide 2922188?
False
Is 24794 a multiple of 14?
True
Is 13065 a multiple of 65?
True
Is 5 a factor of 85595?
True
Is 267 a factor of 16327?
False
Is 134 a factor of 5371274?
False
Does 95 divide 57570?
True
Is 44362 a multiple of 82?
True
Does 22 divide 12010174?
True
Is 5626321 a multiple of 642?
False
Does 57 divide 241338?
True
Is 68665 a multiple of 83?
False
Is 34 a factor of 583634?
False
Does 202 divide 145440?
True
Is 175 a factor of 79275?
True
Is 170634 a multiple of 462?
False
Is 10045506 a multiple of 213?
True
Does 9 divide 9498141?
True
Is 902 a factor of 515888?
False
Is 27 a factor of 1688277?
False
Is 2655363 a multiple of 151?
False
Is 191955 a multiple of 33?
Fals